pose 0 = -55*x + 78*x - 2415. What is the highest common divisor of x and 45?
15
Let k = 87 - 63. Calculate the highest common factor of k and 15.
3
Suppose 5*h - 1934 = -p, 2*h - 4*p - 776 = -2*p. Let t(l) = 44*l**2 - 5*l + 4. Let y be t(1). What is the greatest common divisor of y and h?
43
Let n(r) = -r**3 + 6*r**2 - 4*r + 5. Let v be n(5). What is the greatest common factor of v and 2?
2
Let z(i) = 8*i - 131. Let n be z(22). Calculate the greatest common factor of 90 and n.
45
Suppose 2*l + 2 = 6. Let u be (-2 - 3)*l/(-2). Calculate the greatest common factor of 15 and u.
5
Let v(u) = u**2 - 18*u - 49. Let l be v(-9). Suppose -4*c - 5*h + 476 = 0, 0*c - 94 = -c + 5*h. Let f = l - c. What is the highest common factor of 16 and f?
16
Let x(w) = -w**2 + 49*w - 87. Let m be x(46). What is the highest common divisor of 15 and m?
3
Let c = 125 + -73. Let s = 86 - c. Calculate the greatest common divisor of 51 and s.
17
Let d be 3 + -1 + 2*34. Suppose 4*z = -3*v + 16 + 33, z = -4*v + 22. Calculate the highest common divisor of d and z.
10
Let p be ((76/(-16))/1)/((-2)/(-8)). Let m = p + 83. What is the highest common factor of 8 and m?
8
Let z be 18/(-4)*32/6. Let l = 513 + -473. Let j = l + z. What is the greatest common factor of j and 48?
16
Let q be (3 + -1)*(8 + -8 + 2). Let o be 1/(-2) + 9/6. What is the greatest common divisor of q and o?
1
Let m be ((-90)/40)/((-6)/352). Calculate the highest common divisor of m and 330.
66
Let g = 452 - 132. What is the greatest common factor of g and 5?
5
Let t(n) be the second derivative of 5*n + 1/2*n**2 + 0 - 8/3*n**3 - 1/12*n**4. Let f be t(-13). Calculate the greatest common divisor of 5 and f.
5
Suppose -4*c + 5*c = 24. Suppose 8 = 4*n - 2*n, -5*x + 214 = n. Let a = -30 + x. Calculate the greatest common divisor of a and c.
12
Let v(d) = d**3 - d**2 - d + 180. Let z(y) = -y + 1. Let a be z(-1). Let k be (-6)/3 + a/1. Let r be v(k). Calculate the highest common divisor of r and 20.
20
Let p be 784/64 - (-10)/(-8). Let m(h) = h**2 - 5*h + 6. Let n be m(4). Let s be 1 - n*129/(-6). Calculate the highest common factor of p and s.
11
Let q(r) = r**2 + r - 3. Let v be q(-7). Let z be ((-3)/(-3))/(3/v). Let o = -45 - -162. What is the greatest common divisor of o and z?
13
Suppose -105*c + 100*c + 345 = 0. Calculate the greatest common factor of c and 92.
23
Suppose 0 = -4*l - 3*m - 3, 5*l - m - 20 = -0*l. Let s be 4 - (0 + -1) - 3. What is the highest common divisor of s and l?
1
Suppose 0 = 500*m - 491*m - 405. Calculate the greatest common divisor of 585 and m.
45
Let a(p) = -1. Let g(b) = -b**2 - b - 1. Suppose 15*n + 1 = 16*n. Let s(o) = n*a(o) - 2*g(o). Let q be s(3). What is the greatest common factor of 10 and q?
5
Let a(p) = -4 - 17*p**2 + 4*p**3 + 2*p - 19*p - 4*p**3 + p**3. Let h be a(18). What is the highest common divisor of h and 14?
14
Let n(x) = -3*x**2 - 47*x - 21. Let t be n(-15). What is the highest common factor of 72 and t?
9
Let h(a) = -a**3 - a**2 - 2*a + 1. Let m be h(0). Let c be (-1 + 20/6)/(m/3). Calculate the greatest common factor of 14 and c.
7
Let f be ((-21)/(-9) - 0)*(-105)/(-5). Calculate the greatest common divisor of 119 and f.
7
Suppose -2388 = 4*m - 10708. Calculate the greatest common divisor of m and 104.
104
Suppose 24 = 7*m - 3*m. Suppose y - 4*g = -9, -m = y - 0*y - g. Let p = y - -13. Calculate the highest common factor of p and 32.
8
Let c(d) = -3*d**2 + 2*d + 8. Let b be c(-4). Let u = b + 57. Calculate the greatest common divisor of 3 and u.
3
Let n = -32 + 74. Suppose 3 + 171 = 3*x. Suppose -w + x = -n. What is the highest common divisor of 40 and w?
20
Let o be (-20)/15*-6 - -4. Suppose -3*y = -5*m - 124, -110 = -3*y - 5*m + 54. Calculate the greatest common factor of y and o.
12
Let x be (-328)/(-10) + 0 + 4/20. Let b be x - -2 - (-6)/(-2). What is the highest common divisor of 128 and b?
32
Suppose 5*v + 3*o - 244 = 0, -3*o - 196 = -4*v - 5*o. What is the greatest common factor of 25 and v?
25
Let m(h) = 6*h**3 + h**2 - 1. Let z be m(1). Let r = 48 - 41. Suppose r*y = 5*y + 18. What is the highest common divisor of y and z?
3
Suppose 2*u + 781 = -3*h, 797 = -0*h - 3*h + 2*u. Let p = -159 - h. Let j(w) = w**2 + 2*w - 2. Let m be j(3). What is the highest common factor of m and p?
13
Let g be (-14)/91 + 2110/26. Calculate the highest common divisor of g and 45.
9
Let o be 11*(99/9 - 9). Let f(l) = -352*l**3. Let v be f(-1). Suppose -2*t + v = 2*t. Calculate the highest common divisor of t and o.
22
Let h = 30 + 9. Let q be (-4 + 76/6)*3. What is the highest common divisor of h and q?
13
Let z(j) = -21*j**3 + j**2 + 3*j + 1. Let i be z(-1). Suppose 0 = 8*x - 6*x - i. Calculate the highest common divisor of 100 and x.
10
Suppose -k + 10724 = 13*k. Let n = 1074 - k. Calculate the highest common factor of 28 and n.
28
Let v be 6/(-5)*630/(-12). Calculate the greatest common factor of 189 and v.
63
Suppose k + 6*k = 84. What is the greatest common factor of k and 336?
12
Let c be -3 - (-21)/14*18. Calculate the greatest common factor of c and 84.
12
Let n be (6*(-6)/(-16))/(3/8). Calculate the highest common divisor of 54 and n.
6
Let p be (7 - 3)*(-1 - -9). Suppose 5*u = 38 + p. Let a = 49 + -14. What is the highest common divisor of u and a?
7
Let o(l) be the first derivative of 1/4*l**4 + 4*l + 1/3*l**3 - 1/2*l**2 - 6. Let j be o(0). Calculate the highest common divisor of 2 and j.
2
Let t = -124 + 138. Let n be (-129)/(-9) + (-5)/15. What is the greatest common factor of n and t?
14
Let w be 2/(-10) + 130/25. Suppose -w*i + 8 = -22. Let s(y) = 4*y - 15. Let g be s(i). Calculate the highest common divisor of 81 and g.
9
Suppose -10*w = -9*w + 112. Let f = 157 + w. What is the highest common divisor of 9 and f?
9
Let y = -55 + 76. Let r(w) = -w**2 + 7*w - 2. Let a be r(7). Let p(u) = u**2 + u + 1. Let i be p(a). Calculate the highest common divisor of i and y.
3
Suppose 2*o + 234 + 1261 = 5*j, 4*j - 4*o - 1184 = 0. Suppose 0 = 5*w - 1 - 214. What is the greatest common divisor of j and w?
43
Suppose -2*b = -l + 3*b + 189, 4*l - 756 = 5*b. Suppose 2*i - 405 = -4*w - 153, -3*w - i = -l. What is the greatest common factor of 7 and w?
7
Suppose -2*f + 47 = q, 109 = 3*q - 2*f - 16. Let u = 83 + q. What is the highest common divisor of 14 and u?
14
Let f = 464 - 239. What is the greatest common divisor of f and 6?
3
Let c be (-1)/((-87)/(-88) - 1). Let z be 70 + (-12 - 0)/(-4). Suppose 3*k - z = -4*d, 0*k + 7 = d + 3*k. What is the highest common divisor of c and d?
22
Suppose 2*s - 56 = 28. Suppose 20 = -5*d, -5*t + 2*d = 3*d - 11. Suppose -5*l = -3*y - 76, -5*y - 52 = -0*l - t*l. What is the highest common factor of s and l?
14
Let j be (-9)/3*3*1. Let k(r) be the first derivative of -5*r**2/2 + 9*r + 10. Let f be k(j). What is the highest common divisor of 36 and f?
18
Let p = 51 + -31. Let w = p + 13. Suppose -5*f + 13 = -2*g, -1 = 2*f - 2*g - 5. What is the highest common divisor of f and w?
3
Suppose 31 = 2*k - 5*h, -21*k + 41 = -17*k - 3*h. Let z be (-196)/(-10) + (-8)/(-20). What is the greatest common divisor of z and k?
4
Let p = -345 - -820. Suppose 5*c - 5*v = -0*v + p, -2*v = 4*c - 404. Calculate the highest common factor of 9 and c.
9
Let l = 3416 - 2294. What is the highest common factor of l and 132?
66
Suppose 3*w - 26 = -5*v, 4*v + 2*w - 8 = 12. What is the highest common factor of 100 and v?
4
Let d(c) = 7*c**2 + 2*c - 2. Suppose 29 = 2*z + 5*s, -2*s = 4*z - 21 + 3. Let h be d(z). Let a be 25/2*48/h. Calculate the greatest common divisor of a and 180.
20
Let v be (-1)/(4/48*-3). Suppose -v*r = 3*p + 94, -4*p + r - 76 = 24. Let b be 4/(-26) + (-82)/p. What is the highest common divisor of b and 21?
3
Let s(i) = -i**2 + 14*i + 62. Let a be s(16). Calculate the greatest common factor of a and 15.
15
Let c(g) = 4*g - 58. Let o be c(15). Let p be 1/o*((-1968)/6)/(-4). What is the greatest common divisor of p and 328?
41
Suppose 5*x + 12 = -2*j, -4*x = -5*x. Let o = j + 17. Suppose -18*d - 785 = -2369. What is the greatest common factor of o and d?
11
Suppose -178 = -3*z - p, -52*z + 54*z + 2*p = 112. What is the greatest common divisor of 2562 and z?
61
Let q(f) = -f**3 - 2*f**2 + f + 75. Suppose 2*x = -0*x + 2*r, 0 = -x - 3*r. Let w be q(x). Cal